{"id":241715,"date":"2025-01-24T16:14:54","date_gmt":"2025-01-24T16:14:54","guid":{"rendered":"https:\/\/toralco.com.do\/?page_id=241715"},"modified":"2025-01-27T15:35:11","modified_gmt":"2025-01-27T15:35:11","slug":"sobre-nosotros","status":"publish","type":"page","link":"https:\/\/toralco.com.do\/index.php\/sobre-nosotros\/","title":{"rendered":"Sobre Nosotros"},"content":{"rendered":"<p>[et_pb_section fb_built=&#8221;1&#8243; custom_padding_last_edited=&#8221;on|phone&#8221; admin_label=&#8221;Header&#8221; _builder_version=&#8221;4.27.2&#8243; _module_preset=&#8221;fe3754ff-a609-47c4-9721-67d6c827f1c4&#8243; background_enable_color=&#8221;off&#8221; background_color_gradient_direction=&#8221;295deg&#8221; background_color_gradient_stops=&#8221;rgba(0, 0, 0, 0.3) 0%|rgba(0,0,0,0.3) 12%|#000000 100%&#8221; background_image=&#8221;https:\/\/toralco.com.do\/wp-content\/uploads\/2025\/01\/26-de-Junio-174.jpg&#8221; custom_padding=&#8221;0px||0px||false|false&#8221; custom_padding_tablet=&#8221;20vw||0px||false|false&#8221; custom_padding_phone=&#8221;20vw||0px||false|false&#8221; global_colors_info=&#8221;{}&#8221;][et_pb_row _builder_version=&#8221;4.27.2&#8243; _module_preset=&#8221;default&#8221; background_color=&#8221;RGBA(255,255,255,0)&#8221; width=&#8221;90%&#8221; max_width=&#8221;2560px&#8221; custom_margin=&#8221;0px||||false|false&#8221; custom_padding=&#8221;38px||0px||false|false&#8221; global_colors_info=&#8221;{}&#8221;][et_pb_column type=&#8221;4_4&#8243; _builder_version=&#8221;4.27.2&#8243; _module_preset=&#8221;default&#8221; global_colors_info=&#8221;{}&#8221;][et_pb_menu active_link_color=&#8221;gcid-c621d95f-a667-4f5d-a047-bf99d34aca81&#8243; dropdown_menu_bg_color=&#8221;#FFFFFF&#8221; dropdown_menu_line_color=&#8221;gcid-c621d95f-a667-4f5d-a047-bf99d34aca81&#8243; dropdown_menu_text_color=&#8221;gcid-heading-color&#8221; dropdown_menu_active_link_color=&#8221;gcid-2ebbc52c-9ee6-4712-a077-fcaec9b98540&#8243; mobile_menu_text_color=&#8221;gcid-body-color&#8221; logo=&#8221;https:\/\/toralco.com.do\/wp-content\/uploads\/2024\/11\/Logo-Toralco-2024-3.png&#8221; logo_max_width=&#8221;15%&#8221; menu_icon_color=&#8221;#FFFFFF&#8221; logo_max_width_tablet=&#8221;&#8221; logo_max_width_phone=&#8221;46%&#8221; logo_max_width_last_edited=&#8221;on|desktop&#8221; _builder_version=&#8221;4.27.2&#8243; _module_preset=&#8221;default&#8221; menu_text_color=&#8221;#FFFFFF&#8221; background_enable_color=&#8221;off&#8221; custom_margin_tablet=&#8221;&#8221; custom_margin_phone=&#8221;0px||||false|false&#8221; custom_margin_last_edited=&#8221;on|phone&#8221; custom_padding=&#8221;40px||0px||false|false&#8221; custom_padding_tablet=&#8221;&#8221; custom_padding_phone=&#8221;0px||||false|false&#8221; custom_padding_last_edited=&#8221;on|phone&#8221; global_colors_info=&#8221;{%22gcid-c621d95f-a667-4f5d-a047-bf99d34aca81%22:%91%22active_link_color%22,%22dropdown_menu_line_color%22%93,%22gcid-heading-color%22:%91%22dropdown_menu_text_color%22%93,%22gcid-2ebbc52c-9ee6-4712-a077-fcaec9b98540%22:%91%22dropdown_menu_active_link_color%22%93,%22gcid-body-color%22:%91%22mobile_menu_text_color%22%93}&#8221; theme_builder_area=&#8221;post_content&#8221;][\/et_pb_menu][\/et_pb_column][\/et_pb_row][et_pb_row custom_padding_last_edited=&#8221;on|phone&#8221; _builder_version=&#8221;4.27.2&#8243; _module_preset=&#8221;773a652d-7cec-4c1a-aa13-1d10d9bb3009&#8243; custom_padding=&#8221;90px||85px|||&#8221; custom_padding_tablet=&#8221;90px||85px|||&#8221; custom_padding_phone=&#8221;50px||24px||false|false&#8221; global_colors_info=&#8221;{}&#8221;][et_pb_column type=&#8221;4_4&#8243; _builder_version=&#8221;4.25.2&#8243; _module_preset=&#8221;default&#8221; global_colors_info=&#8221;{}&#8221;][et_pb_heading title=&#8221;Damos Vida a la obra&#8221; _builder_version=&#8221;4.27.2&#8243; _module_preset=&#8221;22b84ef8-eb91-426f-9a3b-98571ee92e71&#8243; title_font=&#8221;|700||on|||||&#8221; title_text_color=&#8221;#FFFFFF&#8221; title_font_size=&#8221;20px&#8221; global_colors_info=&#8221;{}&#8221;][\/et_pb_heading][et_pb_text _builder_version=&#8221;4.27.2&#8243; _module_preset=&#8221;default&#8221; text_font=&#8221;|800||on|||||&#8221; text_text_color=&#8221;#FFFFFF&#8221; text_font_size=&#8221;64px&#8221; text_line_height=&#8221;1.2em&#8221; max_width=&#8221;80%&#8221; custom_margin_tablet=&#8221;&#8221; custom_margin_phone=&#8221;||0px||false|false&#8221; custom_margin_last_edited=&#8221;on|phone&#8221; custom_padding_tablet=&#8221;&#8221; custom_padding_phone=&#8221;&#8221; custom_padding_last_edited=&#8221;on|desktop&#8221; text_font_size_tablet=&#8221;64px&#8221; text_font_size_phone=&#8221;36px&#8221; text_font_size_last_edited=&#8221;on|phone&#8221; header_font_size_tablet=&#8221;&#8221; header_font_size_phone=&#8221;&#8221; header_font_size_last_edited=&#8221;on|phone&#8221; global_colors_info=&#8221;{}&#8221;]<\/p>\n<p><span style=\"color: #f0a63e;\">Con\u00f3cenos<\/span><\/p>\n<p>[\/et_pb_text][\/et_pb_column][\/et_pb_row][\/et_pb_section][et_pb_section fb_built=&#8221;1&#8243; specialty=&#8221;on&#8221; admin_label=&#8221;Stats&#8221; _builder_version=&#8221;4.27.2&#8243; _module_preset=&#8221;default&#8221; background_color=&#8221;gcid-b6c4f12c-f25d-4f61-9fb1-6e96404634cd&#8221; z_index=&#8221;1&#8243; inner_width=&#8221;90%&#8221; inner_max_width=&#8221;1500px&#8221; global_colors_info=&#8221;{%22gcid-b6c4f12c-f25d-4f61-9fb1-6e96404634cd%22:%91%22background_color%22%93}&#8221;][et_pb_column type=&#8221;1_3&#8243; _builder_version=&#8221;4.16&#8243; _module_preset=&#8221;default&#8221; custom_padding=&#8221;|||&#8221; global_colors_info=&#8221;{}&#8221; custom_padding__hover=&#8221;|||&#8221;][et_pb_heading title=&#8221;Superamos expectativas transformando vidas y comunidades&#8221; _builder_version=&#8221;4.27.2&#8243; _module_preset=&#8221;3e572f1b-7dec-49a2-9ad6-1709ea021313&#8243; title_font=&#8221;||||||||&#8221; title_font_size_phone=&#8221;34px&#8221; locked=&#8221;off&#8221; global_colors_info=&#8221;{}&#8221;][\/et_pb_heading][et_pb_button button_url=&#8221;@ET-DC@eyJkeW5hbWljIjp0cnVlLCJjb250ZW50IjoicG9zdF9saW5rX3VybF9wYWdlIiwic2V0dGluZ3MiOnsicG9zdF9pZCI6IjMyNiJ9fQ==@&#8221; button_text=&#8221;Conoce nuestros proyectos&#8221; _builder_version=&#8221;4.27.2&#8243; _dynamic_attributes=&#8221;button_url&#8221; _module_preset=&#8221;da55c1d5-c7fd-415b-88bb-c78008930960&#8243; global_colors_info=&#8221;{}&#8221;][\/et_pb_button][\/et_pb_column][et_pb_column type=&#8221;2_3&#8243; specialty_columns=&#8221;2&#8243; _builder_version=&#8221;4.16&#8243; _module_preset=&#8221;default&#8221; custom_padding=&#8221;|||&#8221; global_colors_info=&#8221;{}&#8221; custom_padding__hover=&#8221;|||&#8221;][et_pb_row_inner custom_padding_last_edited=&#8221;on|phone&#8221; _builder_version=&#8221;4.25.2&#8243; _module_preset=&#8221;default&#8221; custom_padding_tablet=&#8221;0px||0px||true|false&#8221; custom_padding_phone=&#8221;0px||0px||true|false&#8221; global_colors_info=&#8221;{}&#8221;][et_pb_column_inner saved_specialty_column_type=&#8221;2_3&#8243; _builder_version=&#8221;4.25.2&#8243; _module_preset=&#8221;default&#8221; global_colors_info=&#8221;{}&#8221;][et_pb_text _builder_version=&#8221;4.27.2&#8243; _module_preset=&#8221;aff8e503-1610-4ed6-aa23-e4da8b47001d&#8221; max_width=&#8221;90%&#8221; global_colors_info=&#8221;{}&#8221;]<\/p>\n<div class=\"flex max-w-full flex-col flex-grow\">\n<div data-message-author-role=\"assistant\" data-message-id=\"97f636a8-fef7-410d-b1dc-e53cb423ec56\" dir=\"auto\" class=\"min-h-8 text-message flex w-full flex-col items-end gap-2 whitespace-normal break-words text-start [.text-message+&amp;]:mt-5\" data-message-model-slug=\"o1\">\n<div class=\"flex w-full flex-col gap-1 empty:hidden first:pt-[3px]\">\n<div class=\"markdown prose w-full break-words dark:prose-invert light\">\n<p><span style=\"font-weight: 500;\">Somos una empresa que nace\u00a0en Diciembre 2017\u00a0 con el prop\u00f3sito de ofrecer servicios de <\/span><b>ingenier\u00eda, construcci\u00f3n y restauraci\u00f3n<\/b><span style=\"font-weight: 500;\"> en los sectores industriales, comerciales, viales, tur\u00edsticos y de vivienda para Rep\u00fablica Dominicana. Hoy d\u00eda, gracias a alianzas estrat\u00e9gicas y nuevas sociedades hemos logrado expandir nuestros servicios y estructura a la ciudad de Valencia, Espa\u00f1a; Convirtiendo Toralco en una empresa Multinacional.\u00a0<\/span><\/p>\n<p><b>Nuestro objetivo principal <\/b><span style=\"font-weight: 500;\">es cumplir con la propuesta est\u00e9tica,los est\u00e1ndares de calidad, el presupuesto, y los tiempos acordados con nuestros clientes.\u00a0<\/span><\/p>\n<\/div>\n<\/div>\n<\/div>\n<\/div>\n<div class=\"mb-2 flex gap-3 empty:hidden -ml-2\">\n<div class=\"items-center justify-start rounded-xl p-1 flex\">\n<div class=\"flex items-center justify-center rounded-lg text-token-text-secondary\"><\/div>\n<\/div>\n<\/div>\n<p>[\/et_pb_text][\/et_pb_column_inner][\/et_pb_row_inner][\/et_pb_column][\/et_pb_section][et_pb_section fb_built=&#8221;1&#8243; admin_label=&#8221;Listings&#8221; _builder_version=&#8221;4.27.2&#8243; _module_preset=&#8221;default&#8221; custom_padding=&#8221;0px||0px||false|false&#8221; global_colors_info=&#8221;{}&#8221;][et_pb_row _builder_version=&#8221;4.27.2&#8243; _module_preset=&#8221;default&#8221; width=&#8221;100%&#8221; max_width=&#8221;2560px&#8221; custom_padding=&#8221;0px||14px|||&#8221; global_colors_info=&#8221;{}&#8221;][et_pb_column type=&#8221;4_4&#8243; _builder_version=&#8221;4.27.2&#8243; _module_preset=&#8221;default&#8221; global_colors_info=&#8221;{}&#8221;][et_pb_image src=&#8221;https:\/\/toralco.com.do\/wp-content\/uploads\/2024\/11\/564.png&#8221; title_text=&#8221;564&#8243; align=&#8221;right&#8221; disabled_on=&#8221;on|on|off&#8221; _builder_version=&#8221;4.27.2&#8243; _module_preset=&#8221;default&#8221; positioning=&#8221;absolute&#8221; position_origin_a=&#8221;top_right&#8221; position_origin_r=&#8221;bottom_right&#8221; z_index=&#8221;-39&#8243; horizontal_offset_tablet=&#8221;&#8221; horizontal_offset_phone=&#8221;-96px&#8221; horizontal_offset_last_edited=&#8221;on|phone&#8221; width=&#8221;11%&#8221; custom_margin=&#8221;-87px||||false|false&#8221; sticky_position=&#8221;top&#8221; scroll_vertical_motion_enable=&#8221;on&#8221; scroll_vertical_motion=&#8221;0|20|20|100|0|0|2&#8243; motion_trigger_start=&#8221;bottom&#8221; global_colors_info=&#8221;{}&#8221;][\/et_pb_image][\/et_pb_column][\/et_pb_row][et_pb_row _builder_version=&#8221;4.27.2&#8243; _module_preset=&#8221;773a652d-7cec-4c1a-aa13-1d10d9bb3009&#8243; custom_padding=&#8221;6px|||||&#8221; global_colors_info=&#8221;{}&#8221;][et_pb_column type=&#8221;4_4&#8243; _builder_version=&#8221;4.27.2&#8243; _module_preset=&#8221;default&#8221; custom_padding=&#8221;|||0px|false|false&#8221; global_colors_info=&#8221;{}&#8221;][et_pb_heading title=&#8221;Una gran visi\u00f3n para el futuro de la construcci\u00f3n&#8221; _builder_version=&#8221;4.27.2&#8243; _module_preset=&#8221;3e572f1b-7dec-49a2-9ad6-1709ea021313&#8243; title_font=&#8221;||||||||&#8221; title_font_size=&#8221;55px&#8221; max_width=&#8221;70%&#8221; title_text_align_tablet=&#8221;&#8221; title_text_align_phone=&#8221;center&#8221; title_text_align_last_edited=&#8221;on|phone&#8221; title_font_size_phone=&#8221;19px&#8221; locked=&#8221;off&#8221; global_colors_info=&#8221;{}&#8221;][\/et_pb_heading][\/et_pb_column][\/et_pb_row][\/et_pb_section][et_pb_section fb_built=&#8221;1&#8243; specialty=&#8221;on&#8221; _builder_version=&#8221;4.27.2&#8243; _module_preset=&#8221;default&#8221; use_background_color_gradient=&#8221;on&#8221; background_color_gradient_direction=&#8221;90deg&#8221; background_color_gradient_stops=&#8221;#ffffff 34%|#efefef 34%&#8221; custom_padding=&#8221;0px||||false|false&#8221; global_colors_info=&#8221;{}&#8221;][et_pb_column type=&#8221;1_2&#8243; _builder_version=&#8221;4.16&#8243; custom_padding=&#8221;|||&#8221; global_colors_info=&#8221;{}&#8221; custom_padding__hover=&#8221;|||&#8221;][et_pb_image src=&#8221;https:\/\/toralco.com.do\/wp-content\/uploads\/2025\/01\/Image-2-copy.jpg&#8221; title_text=&#8221;Image 2 copy&#8221; _builder_version=&#8221;4.27.2&#8243; _module_preset=&#8221;default&#8221; global_colors_info=&#8221;{}&#8221;][\/et_pb_image][\/et_pb_column][et_pb_column type=&#8221;1_2&#8243; specialty_columns=&#8221;2&#8243; _builder_version=&#8221;4.16&#8243; custom_padding=&#8221;|||&#8221; global_colors_info=&#8221;{}&#8221; custom_padding__hover=&#8221;|||&#8221;][et_pb_row_inner module_id=&#8221;mision&#8221; _builder_version=&#8221;4.27.2&#8243; _module_preset=&#8221;default&#8221; custom_margin=&#8221;17px||||false|false&#8221; custom_padding=&#8221;7px|||||&#8221; global_colors_info=&#8221;{}&#8221;][et_pb_column_inner saved_specialty_column_type=&#8221;1_2&#8243; _builder_version=&#8221;4.27.2&#8243; _module_preset=&#8221;default&#8221; global_colors_info=&#8221;{}&#8221;][et_pb_heading title=&#8221;Un equipo comprometido, cumpliendo los requisitos, leyes, reglamentaci\u00f3n aplicable y mejorando continuamente nuestros procesos y servicios.&#8221; _builder_version=&#8221;4.27.2&#8243; _module_preset=&#8221;3e572f1b-7dec-49a2-9ad6-1709ea021313&#8243; title_font=&#8221;||||||||&#8221; title_font_size=&#8221;27px&#8221; title_font_tablet=&#8221;||||||||&#8221; title_font_phone=&#8221;|600|||||||&#8221; title_font_last_edited=&#8221;on|phone&#8221; title_line_height_tablet=&#8221;&#8221; title_line_height_phone=&#8221;145%&#8221; title_line_height_last_edited=&#8221;on|phone&#8221; locked=&#8221;off&#8221; global_colors_info=&#8221;{}&#8221;][\/et_pb_heading][et_pb_accordion open_toggle_background_color=&#8221;gcid-2bb820f4-8993-4899-8850-c73e9c1e988e&#8221; closed_toggle_background_color=&#8221;gcid-2ebbc52c-9ee6-4712-a077-fcaec9b98540&#8243; icon_color=&#8221;#FFFFFF&#8221; _builder_version=&#8221;4.27.2&#8243; _module_preset=&#8221;default&#8221; toggle_text_color=&#8221;#FFFFFF&#8221; toggle_font=&#8221;|700||on|||||&#8221; toggle_font_size=&#8221;14px&#8221; body_font=&#8221;Inter||||||||&#8221; body_text_color=&#8221;#FFFFFF&#8221; body_font_size=&#8221;16px&#8221; background_enable_color=&#8221;off&#8221; global_colors_info=&#8221;{%22gcid-2bb820f4-8993-4899-8850-c73e9c1e988e%22:%91%22background_color%22,%22open_toggle_background_color%22%93,%22gcid-2ebbc52c-9ee6-4712-a077-fcaec9b98540%22:%91%22closed_toggle_background_color%22%93}&#8221;][et_pb_accordion_item title=&#8221;Nuestra Misi\u00f3n&#8221; open=&#8221;on&#8221; open_toggle_text_color=&#8221;#FFFFFF&#8221; _builder_version=&#8221;4.27.2&#8243; _module_preset=&#8221;default&#8221; global_colors_info=&#8221;{}&#8221; toggle_font=&#8221;|700||on|||||&#8221; toggle_font_size=&#8221;14px&#8221;]<\/p>\n<p class=\"p1\">Ofrecer a nuestros clientes servicios de Ingenier\u00eda, Construcci\u00f3n y Supervisi\u00f3n de obras, de alta calidad, en los tiempos establecidos, implementando la \u00faltima tecnolog\u00eda del sector, mediante una gesti\u00f3n honesta, \u00edntegra, eficiente e innovadora, estableciendo una cultura laboral que influya en oportunidades de crecimiento en lo personal y profesional a los colaboradores de la empresa.<\/p>\n<p>[\/et_pb_accordion_item][et_pb_accordion_item title=&#8221;Visi\u00f3n&#8221; _builder_version=&#8221;4.27.2&#8243; _module_preset=&#8221;default&#8221; global_colors_info=&#8221;{}&#8221; open=&#8221;off&#8221;]<\/p>\n<p class=\"p1\">Ser reconocida como una empresa constructora l\u00edder a nivel nacional e internacional,<b> <\/b>por su eficiencia, integridad y su cultura laboral como principios fundamentales.<\/p>\n<p>[\/et_pb_accordion_item][\/et_pb_accordion][\/et_pb_column_inner][\/et_pb_row_inner][\/et_pb_column][\/et_pb_section][et_pb_section fb_built=&#8221;1&#8243; module_id=&#8221;espana&#8221; _builder_version=&#8221;4.27.2&#8243; _module_preset=&#8221;default&#8221; background_color=&#8221;gcid-b6c4f12c-f25d-4f61-9fb1-6e96404634cd&#8221; custom_padding=&#8221;||102px|||&#8221; global_colors_info=&#8221;{%22gcid-b6c4f12c-f25d-4f61-9fb1-6e96404634cd%22:%91%22background_color%22%93}&#8221;][et_pb_row _builder_version=&#8221;4.27.2&#8243; _module_preset=&#8221;default&#8221; custom_padding=&#8221;1px||0px|||&#8221; global_colors_info=&#8221;{}&#8221;][et_pb_column type=&#8221;4_4&#8243; _builder_version=&#8221;4.27.2&#8243; _module_preset=&#8221;default&#8221; global_colors_info=&#8221;{}&#8221;][et_pb_heading title=&#8221;EXPANSI\u00d3N&#8221; _builder_version=&#8221;4.27.2&#8243; _module_preset=&#8221;22b84ef8-eb91-426f-9a3b-98571ee92e71&#8243; title_font=&#8221;|700||on|||||&#8221; title_text_color=&#8221;gcid-2ebbc52c-9ee6-4712-a077-fcaec9b98540&#8243; global_colors_info=&#8221;{%22gcid-2ebbc52c-9ee6-4712-a077-fcaec9b98540%22:%91%22title_text_color%22%93}&#8221;][\/et_pb_heading][et_pb_heading title=&#8221;TORALCO ESPA\u00d1A&#8221; _builder_version=&#8221;4.27.2&#8243; _module_preset=&#8221;3e572f1b-7dec-49a2-9ad6-1709ea021313&#8243; title_font=&#8221;|700|||||||&#8221; title_text_color=&#8221;gcid-00f1439f-3976-40b9-b72f-b28ed34fd812&#8243; title_font_size=&#8221;55px&#8221; max_width=&#8221;70%&#8221; module_alignment=&#8221;left&#8221; custom_margin=&#8221;-5px||||false|false&#8221; locked=&#8221;off&#8221; global_colors_info=&#8221;{%22gcid-00f1439f-3976-40b9-b72f-b28ed34fd812%22:%91%22title_text_color%22%93}&#8221;][\/et_pb_heading][\/et_pb_column][\/et_pb_row][et_pb_row column_structure=&#8221;1_2,1_2&#8243; use_custom_gutter=&#8221;on&#8221; gutter_width=&#8221;1&#8243; make_equal=&#8221;on&#8221; _builder_version=&#8221;4.27.2&#8243; _module_preset=&#8221;default&#8221; custom_padding=&#8221;0px||0px||false|false&#8221; custom_css_main_element=&#8221;align-items: center;&#8221; global_colors_info=&#8221;{}&#8221;][et_pb_column type=&#8221;1_2&#8243; _builder_version=&#8221;4.27.2&#8243; _module_preset=&#8221;default&#8221; background_color=&#8221;gcid-heading-color&#8221; custom_padding=&#8221;64px|60px|64px|60px|true|true&#8221; global_colors_info=&#8221;{%22gcid-heading-color%22:%91%22background_color%22%93}&#8221;][et_pb_text _builder_version=&#8221;4.27.2&#8243; _module_preset=&#8221;aff8e503-1610-4ed6-aa23-e4da8b47001d&#8221; text_text_color=&#8221;#FFFFFF&#8221; text_orientation=&#8221;center&#8221; max_width=&#8221;100%&#8221; global_colors_info=&#8221;{}&#8221;]<\/p>\n<div class=\"flex max-w-full flex-col flex-grow\">\n<div data-message-author-role=\"assistant\" data-message-id=\"97f636a8-fef7-410d-b1dc-e53cb423ec56\" dir=\"auto\" class=\"min-h-8 text-message flex w-full flex-col items-end gap-2 whitespace-normal break-words text-start [.text-message+&amp;]:mt-5\" data-message-model-slug=\"o1\">\n<div class=\"flex w-full flex-col gap-1 empty:hidden first:pt-[3px]\">\n<div class=\"markdown prose w-full break-words dark:prose-invert light\">\n<p>En 2024, dimos un paso decisivo hacia la internacionalizaci\u00f3n con la apertura de nuestras oficinas en Valencia, Espa\u00f1a. Esta expansi\u00f3n responde a nuestra visi\u00f3n de <strong>extender la experiencia, el liderazgo y los valores de Toralco a nuevos mercados<\/strong>, ofreciendo soluciones de construcci\u00f3n y restauraci\u00f3n con el mismo rigor y excelencia que nos caracteriza en la Rep\u00fablica Dominicana.<\/p>\n<\/div>\n<\/div>\n<\/div>\n<\/div>\n<p>[\/et_pb_text][\/et_pb_column][et_pb_column type=&#8221;1_2&#8243; _builder_version=&#8221;4.27.2&#8243; _module_preset=&#8221;default&#8221; background_image=&#8221;https:\/\/toralco.com.do\/wp-content\/uploads\/2025\/01\/PHOTO-2024-05-28-14-33-59.jpg&#8221; global_colors_info=&#8221;{}&#8221;][et_pb_divider color=&#8221;RGBA(255,255,255,0)&#8221; _builder_version=&#8221;4.27.2&#8243; _module_preset=&#8221;default&#8221; background_enable_image=&#8221;off&#8221; custom_padding=&#8221;182px||182px||true|false&#8221; global_colors_info=&#8221;{}&#8221;][\/et_pb_divider][\/et_pb_column][\/et_pb_row][et_pb_row column_structure=&#8221;1_3,1_3,1_3&#8243; use_custom_gutter=&#8221;on&#8221; gutter_width=&#8221;1&#8243; make_equal=&#8221;on&#8221; _builder_version=&#8221;4.27.2&#8243; _module_preset=&#8221;default&#8221; custom_padding=&#8221;0px||0px|||&#8221; global_colors_info=&#8221;{}&#8221;][et_pb_column type=&#8221;1_3&#8243; _builder_version=&#8221;4.27.2&#8243; _module_preset=&#8221;default&#8221; global_colors_info=&#8221;{}&#8221;][et_pb_divider show_divider=&#8221;off&#8221; _builder_version=&#8221;4.27.2&#8243; _module_preset=&#8221;default&#8221; background_image=&#8221;https:\/\/toralco.com.do\/wp-content\/uploads\/2025\/01\/marina-bianchi-zona-colonial-espana.jpg&#8221; custom_padding=&#8221;184px||184px||true|false&#8221; global_colors_info=&#8221;{}&#8221;][\/et_pb_divider][\/et_pb_column][et_pb_column type=&#8221;1_3&#8243; _builder_version=&#8221;4.27.2&#8243; _module_preset=&#8221;default&#8221; background_color=&#8221;gcid-2ebbc52c-9ee6-4712-a077-fcaec9b98540&#8243; global_colors_info=&#8221;{%22gcid-2ebbc52c-9ee6-4712-a077-fcaec9b98540%22:%91%22background_color%22%93}&#8221;][et_pb_divider show_divider=&#8221;off&#8221; _builder_version=&#8221;4.27.2&#8243; _module_preset=&#8221;default&#8221; custom_padding=&#8221;96px||96px||true|false&#8221; global_colors_info=&#8221;{}&#8221;][\/et_pb_divider][\/et_pb_column][et_pb_column type=&#8221;1_3&#8243; _builder_version=&#8221;4.27.2&#8243; _module_preset=&#8221;default&#8221; custom_padding=&#8221;50px|30px|50px|30px|true|true&#8221; global_colors_info=&#8221;{}&#8221;][et_pb_text _builder_version=&#8221;4.27.2&#8243; _module_preset=&#8221;aff8e503-1610-4ed6-aa23-e4da8b47001d&#8221; text_text_color=&#8221;gcid-heading-color&#8221; text_orientation=&#8221;center&#8221; max_width=&#8221;100%&#8221; global_colors_info=&#8221;{%22gcid-2ebbc52c-9ee6-4712-a077-fcaec9b98540%22:%91%22quote_text_color%22,%22quote_border_color%22,%22link_text_color%22%93,%22gcid-heading-color%22:%91%22text_text_color%22%93}&#8221;]<\/p>\n<div class=\"flex max-w-full flex-col flex-grow\">\n<div data-message-author-role=\"assistant\" data-message-id=\"97f636a8-fef7-410d-b1dc-e53cb423ec56\" dir=\"auto\" class=\"min-h-8 text-message flex w-full flex-col items-end gap-2 whitespace-normal break-words text-start [.text-message+&amp;]:mt-5\" data-message-model-slug=\"o1\">\n<div class=\"flex w-full flex-col gap-1 empty:hidden first:pt-[3px]\">\n<div class=\"markdown prose w-full break-words dark:prose-invert light\">\n<p>Al frente de nuestras operaciones en Europa se encuentra la <strong>arquitecta Marina Bianchi, Gerente Operativa de Toralco Espa\u00f1a<\/strong>, cuya amplia experiencia en dise\u00f1o y direcci\u00f3n de proyectos en el \u00e1mbito internacional aporta una perspectiva renovada y una s\u00f3lida base t\u00e9cnica.<\/p>\n<\/div>\n<\/div>\n<\/div>\n<\/div>\n<p>[\/et_pb_text][\/et_pb_column][\/et_pb_row][et_pb_row column_structure=&#8221;1_2,1_2&#8243; use_custom_gutter=&#8221;on&#8221; gutter_width=&#8221;1&#8243; make_equal=&#8221;on&#8221; _builder_version=&#8221;4.27.2&#8243; _module_preset=&#8221;default&#8221; custom_padding=&#8221;0px||0px||false|false&#8221; global_colors_info=&#8221;{}&#8221;][et_pb_column type=&#8221;1_2&#8243; _builder_version=&#8221;4.27.2&#8243; _module_preset=&#8221;default&#8221; background_color=&#8221;gcid-heading-color&#8221; custom_padding=&#8221;50px|60px|50px|60px|true|true&#8221; global_colors_info=&#8221;{%22gcid-heading-color%22:%91%22background_color%22%93}&#8221;][et_pb_text _builder_version=&#8221;4.27.2&#8243; _module_preset=&#8221;aff8e503-1610-4ed6-aa23-e4da8b47001d&#8221; text_text_color=&#8221;#FFFFFF&#8221; text_orientation=&#8221;center&#8221; max_width=&#8221;100%&#8221; global_colors_info=&#8221;{}&#8221;]<\/p>\n<div class=\"flex max-w-full flex-col flex-grow\">\n<div data-message-author-role=\"assistant\" data-message-id=\"97f636a8-fef7-410d-b1dc-e53cb423ec56\" dir=\"auto\" class=\"min-h-8 text-message flex w-full flex-col items-end gap-2 whitespace-normal break-words text-start [.text-message+&amp;]:mt-5\" data-message-model-slug=\"o1\">\n<div class=\"flex w-full flex-col gap-1 empty:hidden first:pt-[3px]\">\n<div class=\"markdown prose w-full break-words dark:prose-invert light\">\n<p>En el coraz\u00f3n de Alboraya, Valencia, iniciamos nuestra trayectoria en Europa con <strong>Bianchi 01<\/strong>, un proyecto de rehabilitaci\u00f3n de un edificio plurifamiliar compuesto por cuatro exclusivas viviendas.<\/p>\n<p>Este edificio boutique, originalmente construido en 1936, ha sido transformado con un dise\u00f1o que respeta los elementos cl\u00e1sicos de la <strong>arquitectura mediterr\u00e1nea<\/strong>, combin\u00e1ndolos con toques contempor\u00e1neos que aportan encanto y distinci\u00f3n.<\/p>\n<\/div>\n<\/div>\n<\/div>\n<\/div>\n<p>[\/et_pb_text][et_pb_button button_text=&#8221;Conoce m\u00e1s del proyecto&#8221; button_alignment=&#8221;center&#8221; _builder_version=&#8221;4.27.2&#8243; _module_preset=&#8221;da55c1d5-c7fd-415b-88bb-c78008930960&#8243; custom_margin=&#8221;27px||||false|false&#8221; global_colors_info=&#8221;{}&#8221;][\/et_pb_button][\/et_pb_column][et_pb_column type=&#8221;1_2&#8243; _builder_version=&#8221;4.27.2&#8243; _module_preset=&#8221;default&#8221; background_image=&#8221;https:\/\/toralco.com.do\/wp-content\/uploads\/2025\/01\/BIANCHI.jpg&#8221; global_colors_info=&#8221;{}&#8221;][et_pb_divider show_divider=&#8221;off&#8221; _builder_version=&#8221;4.27.2&#8243; _module_preset=&#8221;default&#8221; background_enable_image=&#8221;off&#8221; custom_padding=&#8221;203px||203px||true|false&#8221; global_colors_info=&#8221;{}&#8221;][\/et_pb_divider][\/et_pb_column][\/et_pb_row][\/et_pb_section]<\/p>\n","protected":false},"excerpt":{"rendered":"<p>Con\u00f3cenos Somos una empresa que nace\u00a0en Diciembre 2017\u00a0 con el prop\u00f3sito de ofrecer servicios de ingenier\u00eda, construcci\u00f3n y restauraci\u00f3n en los sectores industriales, comerciales, viales, tur\u00edsticos y de vivienda para Rep\u00fablica Dominicana. Hoy d\u00eda, gracias a alianzas estrat\u00e9gicas y nuevas sociedades hemos logrado expandir nuestros servicios y estructura a la ciudad de Valencia, Espa\u00f1a; Convirtiendo [&hellip;]<\/p>\n","protected":false},"author":2,"featured_media":0,"parent":0,"menu_order":0,"comment_status":"closed","ping_status":"closed","template":"","meta":{"_et_pb_use_builder":"on","_et_pb_old_content":"","_et_gb_content_width":"","footnotes":""},"class_list":["post-241715","page","type-page","status-publish","hentry"],"_links":{"self":[{"href":"https:\/\/toralco.com.do\/index.php\/wp-json\/wp\/v2\/pages\/241715"}],"collection":[{"href":"https:\/\/toralco.com.do\/index.php\/wp-json\/wp\/v2\/pages"}],"about":[{"href":"https:\/\/toralco.com.do\/index.php\/wp-json\/wp\/v2\/types\/page"}],"author":[{"embeddable":true,"href":"https:\/\/toralco.com.do\/index.php\/wp-json\/wp\/v2\/users\/2"}],"replies":[{"embeddable":true,"href":"https:\/\/toralco.com.do\/index.php\/wp-json\/wp\/v2\/comments?post=241715"}],"version-history":[{"count":16,"href":"https:\/\/toralco.com.do\/index.php\/wp-json\/wp\/v2\/pages\/241715\/revisions"}],"predecessor-version":[{"id":241851,"href":"https:\/\/toralco.com.do\/index.php\/wp-json\/wp\/v2\/pages\/241715\/revisions\/241851"}],"wp:attachment":[{"href":"https:\/\/toralco.com.do\/index.php\/wp-json\/wp\/v2\/media?parent=241715"}],"curies":[{"name":"wp","href":"https:\/\/api.w.org\/{rel}","templated":true}]}}